, what is -1c - -5e0?
5c3
In base 13, what is -b1 - -24?
-8a
In base 4, what is 12223 + -3?
12220
In base 16, what is 4 - -c0?
c4
In base 3, what is 100110 + 12?
100122
In base 5, what is -342 + 0?
-342
In base 6, what is -3 + 233?
230
In base 8, what is 56 - 0?
56
In base 11, what is -13 - 36?
-49
In base 6, what is -2 - -45?
43
In base 4, what is -233332 - 0?
-233332
In base 5, what is -2422 - 4?
-2431
In base 11, what is 21 - 120?
-aa
In base 6, what is -3322 - 4?
-3330
In base 15, what is -1e + 9?
-15
In base 15, what is -3 + 288?
285
In base 16, what is 2 + 5c?
5e
In base 12, what is -8 - -2?
-6
In base 13, what is -6 + 25?
1c
In base 2, what is 10001100 + 11100?
10101000
In base 14, what is 48 - 10?
38
In base 7, what is 4 - -40?
44
In base 9, what is -1715 - 3?
-1718
In base 2, what is -1 + 100110?
100101
In base 10, what is 18 + 13?
31
In base 14, what is -8 - 46?
-50
In base 9, what is 1 - 7?
-6
In base 9, what is -1 - 1424?
-1425
In base 2, what is -11110 - -100001?
11
In base 11, what is 0 + 75?
75
In base 14, what is 266 + 1?
267
In base 13, what is 2 + c?
11
In base 8, what is -30 + -3?
-33
In base 6, what is 5 - 502?
-453
In base 11, what is 29868 - -1?
29869
In base 6, what is -4 + -23?
-31
In base 13, what is 237 - 1?
236
In base 16, what is 5 + -82?
-7d
In base 6, what is -121 + 0?
-121
In base 10, what is -5 - 52?
-57
In base 14, what is -2 - -419?
417
In base 13, what is 8a - -5?
92
In base 5, what is -4 - 14041?
-14100
In base 3, what is 110 + 100000?
100110
In base 11, what is -115 - -29?
-97
In base 3, what is 1 + -102?
-101
In base 15, what is 4 + 56?
5a
In base 11, what is 2 - -1097?
1099
In base 5, what is -101422 + 1?
-101421
In base 10, what is 2 - 5108?
-5106
In base 2, what is -1001001 + -100010?
-1101011
In base 3, what is -1 + -2121?
-2122
In base 6, what is 103 + -123?
-20
In base 13, what is 92 - 2b?
64
In base 14, what is -292 + -11?
-2a3
In base 11, what is 7 + 18?
24
In base 12, what is 2 + 39?
3b
In base 12, what is 1 - -a2?
a3
In base 8, what is 336 - -3?
341
In base 11, what is 27 + -51?
-25
In base 15, what is -1 - 12a?
-12b
In base 10, what is 5 - 1565?
-1560
In base 12, what is -66 - 84?
-12a
In base 10, what is -1 - -9614?
9613
In base 12, what is -4921 + -4?
-4925
In base 7, what is 1 + -12236?
-12235
In base 15, what is 82 - -4?
86
In base 7, what is 122 + -14?
105
In base 3, what is -12001 + 20?
-11211
In base 5, what is -22 - 14?
-41
In base 14, what is 3a - 3?
37
In base 15, what is -17 - -c?
-a
In base 3, what is 2211021 + -12?
2211002
In base 5, what is -1 - 2141?
-2142
In base 4, what is 100002 - -11?
100013
In base 16, what is -1 - f?
-10
In base 9, what is -125 - 0?
-125
In base 16, what is 1e + -74?
-56
In base 14, what is 0 - 415?
-415
In base 5, what is -30 + 22421?
22341
In base 6, what is -140 + -32?
-212
In base 4, what is 10030 - -2?
10032
In base 4, what is 10 + 302?
312
In base 6, what is -1352 - -21?
-1331
In base 13, what is c7 - -5?
cc
In base 15, what is 5 + -119?
-114
In base 15, what is 5 - -3a?
40
In base 4, what is -11 + -1011?
-1022
In base 6, what is 1 + -2313?
-2312
In base 9, what is 1 + 646?
647
In base 13, what is 80 + -3?
7a
In base 14, what is 1 + -190?
-18d
In base 10, what is 1 - 479?
-478
In base 11, what is 20 + -176?
-156
In base 12, what is 3 + 307?
30a
In base 5, what is -130 - 1004?
-1134
In base 10, what is 74 + 2?
76
In base 16, what is -7 + -ce?
-d5
In base 5, what is 3204 + 10?
3214
In base 9, what is 402 - 5?
386
In base 8, what is 406 - -4?
412
In base 4, what is -121330 - 2?
-121332
In base 9, what is -4 - -1566?
1562
In base 5, what is -1140 - -3?
-1132
In base 2, what is -11010101 + 100?
-11010001
In base 10, what is -20 + 371?
351
In base 6, what is 5 + 1044?
1053
In base 2, what is 1000 - -11011?
100011
In base 4, what is 30100 + 123?
30223
In base 10, what is 0 - -1269?
1269
In base 14, what is -5 - -16?
11
In base 10, what is -2 + 145?
143
In base 13, what is -4 + 96?
92
In base 11, what is 94 + 3?
97
In base 15, what is -2432 - 3?
-2435
In base 2, what is 111011 + 11000?
1010011
In base 5, what is -33 - 31?
-114
In base 14, what is -3 - -99b?
998
In base 12, what is 0 + 240?
240
In base 15, what is 8e - -1?
90
In base 6, what is 1200 - 4?
1152
In base 14, what is 0 + -1ca?
-1ca
In base 5, what is 1010 + -2?
1003
In base 12, what is 0 + 8aa?
8aa
In base 5, what is 114 + -14?
100
In base 11, what is -5 + -784?
-789
In base 10, what is 1733 - -7?
1740
In base 12, what is -6 + 17?
11
In base 3, what is -10012010 - 0?
-10012010
In base 9, what is 5 + 74?
80
In base 15, what is 4 + -6ec?
-6e8
In base 4, what is 233022 - -10?
233032
In base 8, what is -25 + -7?
-34
In base 4, what is -20 - 20?
-100
In base 5, what is 300 + -302?
-2
In base 13, what is c + 91?
a0
In base 8, what is -1526 + 0?
-1526
In base 2, what is -1110000011010101 - 101?
-1110000011011010
In base 16, what is -2 + 40?
3e
In base 13, what is 8 + 16?
21
In base 15, what is 3 + -74d?
-74a
In base 6, what is -1 - -25?
24
In base 3, what is -12 - -2002021?
2002002
In base 3, what is 2201120 + -2?
2201111
In base 8, what is 10 - 12?
-2
In base 11, what is 33 + -28?
6
In base 3, what is 21 + 101220?
102011
In base 6, what is -1513 - 4?
-1521
In base 3, what is 10 - 21?
-11
In base 9, what is 0 + -403?
-403
In base 10, what is 275 + -3?
272
In base 12, what is 5 - 161?
-158
In base 13, what is 27a + -c?
26b
In base 15, what is -38 - 3?
-3b
In base 8, what is 6 - -60?
66
In base 7, what is 52 + 1?
53
In base 2, what is 10100010101010 + 0?
10100010101010
In base 12, what is b + -21?
-12
In base 11, what is 379 + -2?
377
In base 15, what is 0 + -105?
-105
In base 7, what is -350 - -1?
-346
In base 2, what is -1001 + -100011?
-101100
In base 10, what is -86 - 5?
-91
In base 6, what is -45 - -41?
-4
In base 13, what is 98 + -64?
34
In base 15, what is -19c + -4?
-1a1
In base 8, what is 11 + 606?
617
In base 2, what is -10010 - 11?
-10101
In base 8, what is 135 - 23?
112
In base 3, what is 2 + -1100?
-1021
In base 7, what is -624 + -3?
-630
In base 7, what is 13 + 13?
26
In base 13, what is 37c - -2?
381
In base 4, what is 130 - 10?
120
In base 9, what is -3 - -121?
117
In base 2, what is 10100010011 - -100?
10100010111
In base 9, what is 0 + -15?
-15
In base 8, what is -576 + 1?
-575
In base 8, what is -10 + 174?
164
In base 10, what is 0 + 88?
88
In base 16, what is 17f - 0?
17f
In base 7, what is 2225 + -1?
2224
In base 4, what is 11101 - -2?
11103
In base 7, what is -1 + 203?
202
In base 7, what is 13 + -65?
-52
In base 11, what is -3 + 151?
149
In base 4, what is 3 + -322?
-313
In base 13, what is 5 + -a?
-5
In base 9, what is 2 - -266?
268
In base 2, what is -1100 - -1000100?
111000
In base 11, what is -169 + -26?
-194
In base 5, what is -112 + 0?
-112
In base 16, what is -3 - d?
-10
In base 9, what is 4 - -454?
458
In base 4, what is -3 + 2112?
2103
In base 2, what is -10100 + -1101000?
-1111100
In base 16, what is 34 - a?
2a
In base 16, what is -605 - -3?
-602
In base 13, what is 3 + 2a?
30
In base 12, what is -3 - -37?
34
In base 12, what is 5 + -111?
-108
In base 14, what is 2 - 57?
-55
In base 3, what is 2 - 202?
-200
In base 2, what is -101000 + -11000?
-1000000
In base 13, what is 52 + 20?
72
In base 10, what is 6 + -1?
5
In base 15, what is -31c - -1?
-31b
In base 6, what is -230 - 1?
-231
In base 16, what is 34 - 16?
1e
In base 11, what is 898 - -4?
8a1
In base 15, what is -ac + -3?
-b0
In base 14, what is -3a - -1a2?
166
In base 11, what is -211 - 10?
-221
In base 8, what is -4 - -1002?
776
In base 14, what is 4 - 41?
-3b
In base 8, what is -5 - 170?
-175
In base 14, what is -5b9 + -2?
-5bb
In base 8, what is -22 + -111?
-133
In base 15, what is 4 - -7cc?
7d1
In base 3, what is -1 + -22022000?
-22022001
In base 4, what is -10311 - -1011?
-3300
In base 13, what is 3 + 875?
878
In base 5, what is -14 + -134101?
-134120
In base 4, what is -11 - -2020?
2003
In base 13, what is -413 - 1?
-414
In base 11, what is -200 - -1?
-1aa
In base 16, what is 4 - 1f?
-1b
In base 2, what is -1010110 - -100?
-1010010
In base 8, what is 13 + 77?
112
In base 9, what is -84 - -34?
-50
In base 6, what is -3141 + 0?
-3141
In base 16, what is -1a82 + 0?
-1a82
In base 3, what is 21002 + 12?
21021
In ba